98 and 255677146?
298
What is the highest common factor of 164476 and 832?
52
What is the highest common factor of 267 and 1921587?
3
What is the greatest common factor of 23556 and 10335?
39
Calculate the greatest common divisor of 123 and 28096521.
123
Calculate the greatest common divisor of 19256370 and 7680.
30
Calculate the greatest common factor of 717118 and 15047.
367
What is the highest common divisor of 26 and 309548304?
26
Calculate the greatest common divisor of 552 and 12366778.
46
Calculate the highest common factor of 129940 and 584.
292
Calculate the highest common divisor of 325559 and 10270.
1027
Calculate the greatest common factor of 442 and 182167070.
34
What is the highest common factor of 28 and 126337330?
14
Calculate the greatest common factor of 91279 and 66021854.
2467
Calculate the greatest common divisor of 981 and 525019210.
109
Calculate the highest common factor of 230708920 and 7540.
7540
What is the highest common factor of 9651635 and 4060?
1015
Calculate the greatest common divisor of 1610625 and 8125.
625
What is the highest common factor of 292226 and 26422?
22
Calculate the greatest common divisor of 19375 and 11506580.
155
What is the greatest common divisor of 365559 and 2217?
3
What is the greatest common factor of 2786 and 2308201?
1393
Calculate the greatest common divisor of 5581715 and 755.
755
What is the greatest common factor of 9712 and 3736?
8
Calculate the highest common factor of 2023336 and 1015.
7
Calculate the highest common factor of 236 and 33783341.
59
What is the highest common factor of 41 and 610982?
41
What is the greatest common factor of 71924538 and 18528?
1158
What is the greatest common factor of 20607 and 3?
3
What is the highest common factor of 13687860 and 44?
4
Calculate the greatest common divisor of 31867 and 3487.
11
Calculate the highest common factor of 253 and 9665543.
23
Calculate the greatest common factor of 14 and 3860878.
14
What is the greatest common factor of 1083 and 1629516?
57
Calculate the highest common factor of 38454 and 477607.
13
What is the highest common factor of 335016 and 90522?
846
What is the greatest common divisor of 14152099 and 26?
13
What is the greatest common divisor of 83 and 11222513?
83
What is the greatest common divisor of 322392 and 9518544?
3192
Calculate the greatest common divisor of 1690576 and 84937.
157
Calculate the greatest common factor of 541404 and 790940.
2228
What is the greatest common divisor of 9723747 and 6?
3
What is the greatest common factor of 155 and 38408256?
31
Calculate the greatest common divisor of 483 and 14950943.
161
What is the greatest common factor of 1275989 and 18898?
11
Calculate the highest common divisor of 6563105 and 7905.
85
Calculate the greatest common divisor of 5689692 and 204.
12
Calculate the greatest common divisor of 2750 and 3735402.
22
Calculate the greatest common divisor of 9069029 and 1052.
263
Calculate the greatest common factor of 851830119 and 63.
63
Calculate the highest common divisor of 3654 and 155274.
42
Calculate the greatest common factor of 14826325 and 7900.
1975
What is the highest common factor of 990 and 9810?
90
Calculate the highest common divisor of 196587 and 8857741.
809
Calculate the greatest common factor of 3815 and 31412710.
3815
What is the highest common divisor of 1036375171 and 4589?
4589
Calculate the highest common factor of 177500 and 13348.
284
What is the highest common factor of 147780 and 133720?
20
What is the highest common factor of 15274 and 80138314?
2182
Calculate the highest common divisor of 9313660 and 186477.
1019
Calculate the highest common factor of 16 and 82275032.
8
What is the highest common divisor of 3040 and 26059640?
760
Calculate the greatest common divisor of 130313 and 23256987.
863
What is the highest common divisor of 135466210 and 44?
22
What is the highest common divisor of 10770849 and 2538?
423
Calculate the highest common factor of 300879054 and 126.
126
What is the highest common factor of 932993 and 954758?
1451
What is the greatest common factor of 766 and 17251469?
383
Calculate the highest common factor of 185595 and 196695.
15
Calculate the highest common divisor of 1651 and 2008505.
127
What is the greatest common divisor of 8378 and 1176460?
118
What is the greatest common factor of 20878 and 852786?
1606
Calculate the highest common divisor of 53172740 and 20.
20
What is the highest common divisor of 207 and 191145249?
207
What is the greatest common divisor of 722 and 57438368?
38
What is the greatest common divisor of 72957932 and 13616?
3404
What is the highest common divisor of 1456 and 774564336?
1456
Calculate the highest common divisor of 2064 and 1901718.
258
Calculate the greatest common divisor of 8028 and 248247168.
2676
Calculate the highest common factor of 28770 and 98503.
137
Calculate the greatest common divisor of 17967 and 50819829.
339
Calculate the greatest common factor of 2574 and 5604621.
33
What is the highest common factor of 3360 and 14360?
40
Calculate the highest common factor of 495 and 53046090.
45
What is the greatest common factor of 219759 and 53018631?
7089
Calculate the highest common divisor of 8138 and 787618.
26
Calculate the highest common factor of 791156203 and 239.
239
What is the greatest common factor of 2727 and 22097689?
101
Calculate the highest common factor of 371970410 and 1520.
190
What is the highest common factor of 639716 and 3440316?
2948
Calculate the greatest common factor of 62 and 280938709.
31
Calculate the highest common divisor of 3402 and 49714614.
54
Calculate the highest common divisor of 5382025 and 11.
11
Calculate the highest common factor of 6 and 62488254.
6
What is the greatest common factor of 27685 and 13405?
35
What is the greatest common divisor of 2904 and 1784024?
968
Calculate the greatest common divisor of 420324989 and 2009.
2009
What is the greatest common divisor of 26 and 10879622?
26
Calculate the greatest common factor of 4 and 7242212.
4
What is the greatest common factor of 11705373 and 27?
9
What is the greatest common divisor of 4284537 and 159?
3
Calculate the highest common factor of 22 and 6729652.
2
What is the greatest common factor of 25044521 and 2213?
2213
Calculate the greatest common divisor of 8388 and 6302052.
36
What is the highest common factor of 10009366 and 772?
386
Calculate the greatest common factor of 13844448 and 11925.
477
What is the greatest common factor of 60 and 293634276?
12
What is the highest common divisor of 15367 and 13331571?
1397
What is the greatest common divisor of 2427734160 and 120?
120
Calculate the highest common divisor of 27 and 97528149.
9
What is the highest common divisor of 66586 and 269196954?
5122
Calculate the highest common divisor of 48399 and 1911.
39
What is the highest common factor of 17332 and 18496?
4
Calculate the highest common factor of 18748278 and 27.
9
What is the highest common factor of 87026 and 1075510?
1642
What is the highest common factor of 2016 and 2778111?
63
Calculate the greatest common divisor of 1361672 and 164.
4
What is the greatest common factor of 20352768 and 5760?
384
What is the greatest common factor of 32549307 and 163?
163
What is the highest common factor of 97410 and 19125?
255
Calculate the greatest common divisor of 23820875 and 624.
13
What is the greatest common divisor of 5628 and 62588184?
804
What is the greatest common divisor of 357 and 433887855?
51
Calculate the highest common factor of 4053995 and 440.
55
What is the highest common divisor of 180 and 160670490?
30
Calculate the greatest common divisor of 935 and 7750457165.
935
Calculate the greatest common divisor of 389755717 and 2132.
533
Calculate the greatest common divisor of 726 and 32295747.
363
Calculate the highest common factor of 42961373 and 637.
91
Calculate the greatest common factor of 37904 and 33921136.
368
Calculate the greatest common factor of 14076 and 766314.
414
What is the highest common factor of 7037381 and 15751?
829
Calculate the highest common divisor of 4395 and 2955.
15
What is the greatest common factor of 43688 and 2824?
8
What is the greatest common divisor of 10725 and 7270575?
975
Calculate the highest common divisor of 6